{"id":89,"date":"2020-03-07T09:47:17","date_gmt":"2020-03-07T09:47:17","guid":{"rendered":"http:\/\/vps141.cesvima.upm.es\/?page_id=89"},"modified":"2024-04-12T14:55:47","modified_gmt":"2024-04-12T14:55:47","slug":"investigacion","status":"publish","type":"page","link":"http:\/\/polca.upm.es\/index.php\/investigacion\/","title":{"rendered":"Investigaci\u00f3n"},"content":{"rendered":"\n<p>L\u00edneas de investigaci\u00f3n del grupo.<\/p>\n\n\n\n<ul class=\"wp-block-list\">\n<li>S\u00edntesis, caracterizaci\u00f3n y aplicaciones de pol\u00edmeros, compuestos y nanocompuestos<\/li>\n\n\n\n<li>Propiedades mec\u00e1nicas de pol\u00edmeros<\/li>\n\n\n\n<li>Interfases de materiales<\/li>\n\n\n\n<li>Propiedades y aplicaciones electroqu\u00edmicas de pol\u00edmeros<\/li>\n\n\n\n<li>Materiales Compuestos<\/li>\n\n\n\n<li>Poliolefinas<\/li>\n\n\n\n<li>Simulaci\u00f3n de las transiciones de fase de clatratos<\/li>\n\n\n\n<li>Reciclado Mec\u00e1nico<\/li>\n\n\n\n<li>Teor\u00eda y simulaci\u00f3n en sistemas polim\u00e9ricos<\/li>\n\n\n\n<li>Transformaci\u00f3n de Pol\u00edmeros<\/li>\n\n\n\n<li>Degradaci\u00f3n de materiales pol\u00edmeros<\/li>\n\n\n\n<li>Propiedades reol\u00f3gicas de Pol\u00edmeros<\/li>\n\n\n\n<li>Materiales vesiculares y microflu\u00eddica<\/li>\n\n\n\n<li>F\u00edsica estad\u00edstica del agua<\/li>\n\n\n\n<li>Ensayos de migraci\u00f3n en simulantes alimentarios<\/li>\n\n\n\n<li>Desintegraci\u00f3n en condiciones de compostaje<\/li>\n\n\n\n<li>Equilibrio de fases<\/li>\n\n\n\n<li>Dise\u00f1o de nuevos materiales de cambio de fase a partir de residuos<\/li>\n\n\n\n<li>Uso de disolventes ecol\u00f3gicos en los procesos de depuraci\u00f3n del agua<\/li>\n\n\n\n<li>Hidratos de gas en qu\u00edmica sostenible<\/li>\n<\/ul>\n\n\n\n<p><\/p>\n","protected":false},"excerpt":{"rendered":"<p>L\u00edneas de investigaci\u00f3n del grupo.<\/p>\n","protected":false},"author":1,"featured_media":0,"parent":0,"menu_order":0,"comment_status":"closed","ping_status":"closed","template":"","meta":{"_monsterinsights_skip_tracking":false,"_monsterinsights_sitenote_active":false,"_monsterinsights_sitenote_note":"","_monsterinsights_sitenote_category":0,"footnotes":""},"class_list":["post-89","page","type-page","status-publish","hentry"],"_links":{"self":[{"href":"http:\/\/polca.upm.es\/index.php\/wp-json\/wp\/v2\/pages\/89"}],"collection":[{"href":"http:\/\/polca.upm.es\/index.php\/wp-json\/wp\/v2\/pages"}],"about":[{"href":"http:\/\/polca.upm.es\/index.php\/wp-json\/wp\/v2\/types\/page"}],"author":[{"embeddable":true,"href":"http:\/\/polca.upm.es\/index.php\/wp-json\/wp\/v2\/users\/1"}],"replies":[{"embeddable":true,"href":"http:\/\/polca.upm.es\/index.php\/wp-json\/wp\/v2\/comments?post=89"}],"version-history":[{"count":3,"href":"http:\/\/polca.upm.es\/index.php\/wp-json\/wp\/v2\/pages\/89\/revisions"}],"predecessor-version":[{"id":414,"href":"http:\/\/polca.upm.es\/index.php\/wp-json\/wp\/v2\/pages\/89\/revisions\/414"}],"wp:attachment":[{"href":"http:\/\/polca.upm.es\/index.php\/wp-json\/wp\/v2\/media?parent=89"}],"curies":[{"name":"wp","href":"https:\/\/api.w.org\/{rel}","templated":true}]}}